f y.
3, 29
Let y(k) = -k**3 + 29*k**2 - 51*k + 26. List the prime factors of y(26).
2, 7, 13
Let r(w) = w - 10. Let q be r(10). Let t(j) = q*j - 3 - 2*j + 2*j**2 - 6*j. What are the prime factors of t(6)?
3, 7
What are the prime factors of (-4 + 3)*(7 - 4) - -249?
2, 3, 41
Let m(u) = -2*u**3 - u**2 - 4*u - 9. Suppose 0 = -f - 3*d - 3, 0*d + 5*d = 0. What are the prime factors of m(f)?
2, 3
Let t(w) = -17*w + 12. Let y be t(2). List the prime factors of (1 - 0) + (3 - y).
2, 13
Let l = -18 - -20. Suppose -l*u + 216 = u. What are the prime factors of u?
2, 3
Suppose 2*q = q + 1. Let l(r) = -r**2 - 12*r - 5. Let c(h) = 1. Let v(w) = q*l(w) - 2*c(w). What are the prime factors of v(-8)?
5
Suppose 3*a - 6*a = -147. What are the prime factors of a?
7
Suppose 2*m + 2 = 0, 2*b - 167 = -4*m + 435. List the prime factors of b.
3, 101
Let y = 85 + -51. What are the prime factors of y?
2, 17
List the prime factors of (-42)/(-14) - (-2 - 797).
2, 401
Let y(b) = -2*b - 4. Let f be 4/(7 - 3) - 3. Let d be y(f). Suppose d = 5*s - w - 128, w = -3*s + 4*w + 84. List the prime factors of s.
5
Suppose 2*r + 17 = 7, -4*s + r + 9253 = 0. What are the prime factors of s?
2, 17
Suppose 4656 = 43*v - 39*v. List the prime factors of v.
2, 3, 97
What are the prime factors of (3 - 4) + (6 - 5)*444?
443
Let z(j) = 8*j**2 + 2*j - 4. Let h(y) = -7*y**2 - 3*y + 3. Let w(i) = -5*h(i) - 4*z(i). List the prime factors of w(-6).
67
Let g = -7 - -11. Suppose 2*t = -g*d - 2*t - 4, 2*d + 3*t + 5 = 0. Suppose -8 = -3*y + d*y. List the prime factors of y.
2
Suppose -2*j + 0 = 2, 3*i = 2*j + 1385. List the prime factors of i.
461
Suppose -2*c - 2*c = 3*k + 14, -4*c - 10 = 5*k. Suppose k*v - 7*v = -25. Suppose 3*n + 4*u = 40, -4*n + 43 = 4*u - v. What are the prime factors of n?
2
Let i = 72 - 14. Suppose -2*w = -332 - i. List the prime factors of w.
3, 5, 13
Let g be 1/(95/90 + -1). Suppose -5*o = g - 78. What are the prime factors of o?
2, 3
Let g = 24 - 17. Suppose 0*t = 5*t - h - 90, 0 = -t - 2*h + g. Let k = 25 - t. What are the prime factors of k?
2
List the prime factors of 390 - (7 - 6) - 3.
2, 193
Let j(s) = 17*s**2 + 10*s - 38. List the prime factors of j(6).
2, 317
Suppose 4*r - 8 = 4. Let i(h) = h**2 + 3*h + 1. Let d be i(r). Suppose -d = 3*l - 61. What are the prime factors of l?
2, 7
Let p(m) = m**3 + 9*m**2 - 14*m + 17. Let i(n) = -n**3 - 9*n**2 + 14*n - 18. Let c(l) = -3*i(l) - 2*p(l). List the prime factors of c(-9).
2, 73
Suppose 0 = 13*x - 10*x - 52275. What are the prime factors of x/75 + (-2)/(-3)?
233
Suppose -4*z + 30 = z. Suppose -5*y = 2*f + 21, -4*y = 4*f + z + 30. Let r = 44 + f. What are the prime factors of r?
2, 3
Suppose 5*j - 4620 = -5*g, 5*j = -0*g + 5*g + 4610. List the prime factors of j.
13, 71
Let k be 9/(-27) + (-4)/(-3) + -4. List the prime factors of (-208)/k + 9/(-27).
3, 23
Let t(z) = -z**3 + z + 192. Let y be t(0). Suppose -4*g = o + g - 36, -4*o + 4*g = -y. What are the prime factors of 1 + (4 - o)/(-2)?
2, 11
Let w(u) = u**3 + 12*u**2 + 14*u - 9. List the prime factors of w(-8).
3, 5
Let f(j) = -22*j**3 - 4*j**2 - 6*j - 11. List the prime factors of f(-3).
5, 113
Suppose 16 = -3*b + 7*b. Suppose b*s + 0*s - 48 = 0. What are the prime factors of s?
2, 3
Let v(a) = 135*a + 553. List the prime factors of v(8).
23, 71
Let c(n) = 9*n**3 - 7*n**2 + 4*n - 10. Let i be c(6). Suppose -15*d + 499 + i = 0. List the prime factors of d.
3, 7
Suppose -17*r + 19*r - 6 = 0. Suppose -2*u + 148 = 2*z - r*u, -5*z + 5*u + 360 = 0. List the prime factors of z.
2, 19
Let r be 8 - 5 - 204/(-2). Suppose 2*c - 285 = -r. Suppose -b + 6*b = c. What are the prime factors of b?
2, 3
Suppose -4*l = -9026 - 766. List the prime factors of l.
2, 3, 17
Suppose -2*h = -0*h - 2. Suppose -2 = -t + h. List the prime factors of (1 - t)/((-1)/4).
2
Suppose -31590 = -27*u + 14*u. List the prime factors of u.
2, 3, 5
Let l = -312 - -370. List the prime factors of l.
2, 29
Suppose 0 = -3*s - z + 3, 2*z + 24 = 4*s + 10. Let r(t) = t**2. Let i be r(0). Suppose 3*p + 0*p + 56 = s*v, i = -4*v - 4*p + 92. List the prime factors of v.
5
Let f be 9/(-3) - (-1 - 5). Let c be ((-52)/16 + f)*-28. Suppose 0 = -c*a + 2*a + 245. List the prime factors of a.
7
Suppose -2*c = 2*t, 4 = 3*c + t + 3*t. List the prime factors of (-1110)/(-35) - c/14.
2
Let w = -1203 + 735. What are the prime factors of ((-8)/16)/(1 - (-470)/w)?
3, 13
Let k(j) = 38*j + 251. What are the prime factors of k(21)?
1049
Let q = 675 + -434. What are the prime factors of q?
241
Suppose 0 = -5*z - 69 + 254. Suppose -3*r + 50 = -z. Let k = 44 - r. What are the prime factors of k?
3, 5
Let f(o) = o**2 - 3*o - 14. Let w be f(6). Suppose -n + w = -45. List the prime factors of n.
7
Suppose -9009 - 2044 = -3*n - 4*i, -5*i - 18410 = -5*n. What are the prime factors of n?
29, 127
Let d = -23 - -45. Let j be (d - 8)/(1/4). Let t = j + -36. List the prime factors of t.
2, 5
List the prime factors of ((-1)/4)/(-4*(-2)/(-39488)).
2, 617
Let r be -1 + 5/(-25) + 71/5. Suppose 0 = -r*g + 3*g + 580. List the prime factors of g.
2, 29
Let h(z) = -z**2 - 3*z + 13. Let w be h(-9). Let y = 73 + w. Suppose p - 5 = y. What are the prime factors of p?
37
Let f(j) = -3*j**3 - 4*j**2 - j. Let g be f(-3). Suppose 3*x - 4*n = -3, 4*n + 15 = 9*n. Suppose -162 = -x*l - g. List the prime factors of l.
2, 19
Suppose 3*l - 1048 = -m + 1854, -2908 = -m - 5*l. List the prime factors of m.
11, 263
Suppose 47*c = 33*c - 56. Suppose 0 = l + 4*q - 1180, 450 + 735 = l + 5*q. List the prime factors of 2/c - l/(-16).
2, 3
Let d be (3 - -1 - 2) + 19. Suppose 6*g - 165 - d = 0. Suppose -2*u - 3*z = -0*z - g, -5*u - z + 110 = 0. List the prime factors of u.
23
Let x(l) = -2*l + 18. Suppose 0*r = -3*r + 18. Let g be x(r). What are the prime factors of (-26)/(-1) + g + -2?
2, 3, 5
Suppose -345 = -g + 4*x, 0 = -3*g + 5*x - 448 + 1518. List the prime factors of g.
5, 73
Let t = -11 - -11. Let y(b) = 3 + t - 3*b + b - 2*b. What are the prime factors of y(-5)?
23
List the prime factors of (-32604)/(-20) + (-44)/20 + 1.
3, 181
Suppose 8*p + 1570 = 13*p. List the prime factors of p.
2, 157
Let k = -2099 + 875. Let o be (-2 - (-8)/12)*18/12. What are the prime factors of o/7 - k/21?
2, 29
Let m(q) = -q**2 + 14*q + 5. Let l be m(14). Suppose -x - 20 = -l*x. Suppose z - x*g + 3*g - 30 = 0, -3*g = -3*z + 87. What are the prime factors of z?
2, 7
Let r(k) = -3*k**3 - 4*k**2 + 2*k - 12. Suppose -5*h + 5*v = 6 + 9, -v + 18 = -4*h. List the prime factors of r(h).
11, 23
What are the prime factors of ((-2115)/(-18))/((-6)/(-60))?
5, 47
Let v be 1 - (0 + (-8)/4). Suppose 4*o - 2*y + 20 = 0, v = 3*o + 4*y - y. Let t = 18 + o. List the prime factors of t.
3, 5
Let z = 454 - 412. What are the prime factors of z?
2, 3, 7
List the prime factors of -1593*((-115)/55 + (-5)/(-55)).
2, 3, 59
Let w = 3717 + 57. List the prime factors of w.
2, 3, 17, 37
Suppose 270 + 195 = 5*x - 3*n, 5*x + 4*n = 465. What are the prime factors of x?
3, 31
Let q be (-2)/3 + (-1)/(-12)*-4. Let y = -1 - -2. What are the prime factors of 0/q + 13 - y?
2, 3
Let p = 92 - 55. Suppose -2*a + 3 + p = -2*o, -3*a = -o - 70. Suppose 3*m - a = 50. List the prime factors of m.
5
Suppose -5*q - 10 = 2*g - 10*q, 3*g + 3*q = 27. Suppose k + 213 = 4*i - 2, 3*k - 273 = -g*i. List the prime factors of i.
2, 3
Suppose -7*l + 4867 = 562. What are the prime factors of l?
3, 5, 41
Let p be (10/(-30))/((-2)/(-102)). Let s = 22 + p. Suppose -s*i - 51 + 121 = 3*q, -136 = -4*q + 4*i. What are the prime factors of q?
2, 3, 5
Let j(v) = -v**2 + 9*v + 9. Let f be (-4)/(-20) - 132/(-15). List the prime factors of j(f).
3
Suppose -a = -3*s + 1038, -2*s = -5*s + 2*a + 1041. List the prime factors of s.
3, 5, 23
Suppose 2*m + 360 = 5*i - m, -2*m + 288 = 4*i. Let f be (1 + -8)*i/(-28). Let a = 36 - f. What are the prime factors of a?
2, 3
Let r(p) be the second derivative of 2*p**3/3 + 7*p**2 + 13*p. What are the prime factors of r(16)?
2, 3, 13
Let b be ((-32)/6)/(-2)*630/12. Suppose 7*c - 329 = b. What are the prime factors of c?
67
Let d(t) = 9*t. Let z be d(-2). Suppose 4*x - o = -5*o - 128, -3*o = -x - 40. Let s = z - x. List the prime factors of s.
2
Suppose -164*u + 175*u - 924 = 0. List the prime factors of u.
2, 3, 7
Let r(s) = s + 8. L